21.
-2
Calculate (3 - 2) + 2 - (47 - (36 + 26)).
18
(-16 - (-9 - 2)) + (0 - (-1 - 22))
18
What is 77 + -78 + (3 - (3 - 3))?
2
-19 + -13 + 33 + 2 + 17
20
What is (-39 - -50) + -34 - (-15 - 2)?
-6
What is the value of 14 + (-30 - -15) - (7 - 5)?
-3
Evaluate 32 + (-6 - 2) - (7 - 10).
27
Calculate 10 - ((13 - 21) + 3).
15
Evaluate -4 - -29 - 8 - (-3 - -5).
15
What is -27 + (24 - (-11 + 9))?
-1
What is 1 - ((-1 + -5 - -14) + (2 - 3))?
-6
Calculate -55 + -32 + 115 - (2 + 0).
26
What is the value of (-82 + 20 - -36) + 19?
-7
What is the value of -2 + (4 - 0) + (-4 + -8 - -4)?
-6
Calculate (-9 - -18) + -6 - -7.
10
What is (-4 - 5 - -1) + (43 - (11 + -4))?
28
Evaluate (-29 - -15) + (-1 + 10 - -9).
4
Evaluate -9 - -2 - (-22 + (6 - (6 - -1))).
16
What is -19 + (-90 - -96) + (-3 - 1) + -5?
-22
Calculate -20 - ((-4 - -1) + 202 + -204).
-15
Calculate -8 + (2 + (-8 - (0 + -3)) - -5).
-6
-16 - -24 - (-1 - -3)
6
Evaluate (2 - 4) + 14 - (179 - 170).
3
Evaluate (-3 - -5 - 4) + -6 + -12 + 4.
-16
Calculate (-1 - -1) + (12 - (-14 - -42)) + 10.
-6
Evaluate (11 - 13) + (-13 - -16 - 4).
-3
-24 - -24 - -2 - 20
-18
What is -1 + (-1 + -11 - -25) - 9?
3
Evaluate 6 - (13 + (2 - (-2 + -4) - 5)).
-10
What is the value of (12 - -5) + (-3 - 3) - 20?
-9
Calculate (513 - 463) + (3 - 29).
24
Calculate (3 + 5 + -8 - (-10 + 5)) + 13.
18
What is 0 + -12 + (13 + -11 - -17)?
7
9 - (6 - 21 - -5)
19
Evaluate 9 + 2 + -15 - -7.
3
What is 2 - ((30 - 19) + -2)?
-7
What is 12 + (-21 + 17 - -2)?
10
What is 5 + 73 + -91 + 3 + -2 + 6?
-6
What is the value of (2 - (10 + (-8 - (-5 + 1)))) + 17?
13
7 + (4 - 0) + 1 + 2
14
-4 + (-1 - 6) + 19
8
What is the value of -16 + 47 + (-15 - 17)?
-1
11 + -8 + -25 - -39
17
Calculate 3 + (-8 - -2) + 0 + 9 + -2.
4
5 + 7 + -8 - (21 + (0 - 2))
-15
Calculate -4 + -7 + 2 + 4 + -1 + -4.
-10
What is (-23 - (4 + 2 - 1 - 6)) + 7?
-15
Calculate -7 + (19 + -20 + -10 - -8).
-10
What is the value of (-4 - 23) + (543 - 507)?
9
What is the value of -15 + (0 - -11) + -8?
-12
What is the value of 1 + -4 - ((7 - 21) + 6 - 0)?
5
Evaluate -3 + -9 + -2 + -13 + -13.
-40
Evaluate -125 + 103 + (2 - -7).
-13
What is (-10 + 37 - 16) + -7?
4
What is the value of 17 + (22 - (87 - 19))?
-29
Evaluate -29 + (22 - (23 + -9)).
-21
Evaluate (-28 + 54 - 28) + 2.
0
-10 + 17 + (-6 - -8 - 5)
4
What is (172 - 153) + (5 - 15)?
9
What is the value of 3 - 0 - (45 + (-43 - -23) - 6)?
-16
Evaluate 25 + -20 + 8 - 7.
6
What is -17 - 1 - (59 + 10 + -77)?
-10
What is the value of -2 - ((-16 - (-27 + 17)) + 0 + 1)?
3
What is the value of 21 + -14 + (-3 - -7) + -18?
-7
(-19 - 1) + 10 + 9 + 1 - -7
7
Evaluate 21 - (18 + -13 + 0 + 3).
13
(1 - 28) + 4 + -5
-28
What is the value of 4 + 9 + (1 - -2 - (-17 - -17))?
16
What is the value of -6 + (-1 - (19 - 9 - 14))?
-3
Evaluate 5 - 6 - (4 - 12 - (-3 + 6)).
10
Evaluate 1 - -11 - ((-36 - -7) + 27).
14
Evaluate -50 + 7 + 10 + 20.
-13
What is the value of 1 + 11 + (259 - 261)?
10
What is the value of -3 + (5 - 6 - -2) + 6 + 18?
22
What is 1 + -12 + -2 + 4 + -102 + 102?
-9
Calculate 0 - 2 - 0 - (-223 + 230).
-9
What is 20 - (-19 + 52) - 5?
-18
What is -6 + 7 + -5 - -6?
2
What is 5 - (1 - -15 - 1)?
-10
-8 + 13 - (6 - (-3 - 22))
-26
What is the value of 1 + -1 + 1 + -20 + 5?
-14
What is the value of 5 - (-16 - (-11 - 10))?
0
Calculate 60 + -24 - -1 - 19.
18
Evaluate 3 + 1 - (-40 + 40).
4
Evaluate (3 - 7 - -12 - -2) + -8.
2
What is -17 + (-4 - (-1 - -5) - -3)?
-22
What is the value of 5 + 1 - (0 - (12 + -5 - 14))?
-1
What is the value of (-15 - 3) + 1 - -33 - 15?
1
Evaluate -2 + -10 + 12 + -13 + -7 + 5.
-15
What is the value of -1 - (6 + 8 - 0)?
-15
What is -162 - -188 - (-7 - -22)?
11
Calculate (1 - -2) + 18 - 12.
9
Evaluate (4 - 3) + 3 + 2 - 5.
1
4 + -2 + 13 + -3 - -4
16
(0 - -5) + 33 + -35
3
What is 1 + 0 + -3 + (-53 - -54)?
-1
152 + -149 - (4 - 1)
0
17 - -2 - (24 + 7)
-12
What is the value of -9 + 0 + 19 + -15 + 12?
7
Calculate -11 - -7 - 9 - -11 - (-8 - 5).
11
Calculate (0 - (-4 + 7 + 1)) + -4 + 9.
1
Evaluate -11 - (2 + (31 - 34 - (1 - 1))).
-10
(8 - (-6 + 32)) + 8 - -1
-9
-4 + -4 + 29 + -3
18
What is the value of (5 - 7 - -19) + 0 - (3 + 2)?
12
(-5 - (14 + -9)) + 13 - -8
11
What is the value of (-33 - -44) + (4 - 21) + -2?
-8
-7 + 18 + -4 + -10
-3
What is the value of (3 - 18) + 26 + -21?
-10
What is the value of 7 + (-11 - (14 + -4 - 7))?
-7
Calculate -48 - 0 - (-2731 + 2694).
-11
Evaluate (-15 - -7 - -4) + 5 - (0 + 0).
1
What is -9 + (38 - 17) + -7?
5
Calculate -13 + -16 + 35 - -11.
17
(-15 - (-7 - 22)) + 6 + -2
18
Calculate 40 - (12 - 0) - 9.
19
Calculate 20 - ((-8 - 5) + 27).
6
What is -2 + -7 - ((19 - 25) + (-25 - -2))?
20
What is the value of 10 - (15 - (12 - -11))?
18
What is -1 + -6 - (9 + -39)?
23
What is the value of -20 + -1 + -13 + 5 + 6 + 3?
-20
What is the value of 2 - 1 - (16 - (-9 + 18 + 10))?
4
What is (16 - -1) + 4 + -10?
11
Calculate 12 + -4 + -25 + 10 - -10.
3
What is the value of 8 - 4 - 0 - (237 + -236)?
3
65 + -71 - (2 - -7) - -25
10
-11 - -11 - (-4 + 4 + 6)
-6
What is the value of -614 + 576 - (-3 - (15 - 1))?
-21
What is (55 - 42) + (-2 - 24)?
-13
Calculate (0 - -8) + 0 + (1 - 0 - -8).
17
Calculate 6 + 10 + -16 + -1 + -26.
-27
Evaluate -13 + 11 + 12 - 17.
-7
16 + 22 + -13 + -21 + 0 + 16
20
Evaluate -4 + (-7 + -12 - -3 - -8) + 1.
-11
Evaluate (5 - 9 - 3) + (129 - 92).
30
What is the value of -7 + (-8 - (6 - 23))?
2
Evaluate (4 + -1 - (-55 + 64)) + -9.
-15
Calculate 71 + -36 + -42 - (-33 + 0).
26
What is the value of -7 - (-3 + -4 - 7) - (-1 - -6)?
2
Evaluate -9 + -2 + (10 - 1) + (8 - 1).
5
Calculate 0 + ((6 - 7) + 6 - -2).
7
Calculate (-11 - (7 + (-16 - -4))) + 13 - -6.
13
Evaluate (1 - 13) + -5 + (-5 + 6 - -2).
-14
0 - -12 - (19 - 1)
-6
-7 + (53 + -52 - (3 + 2 + -3))
-8
Calculate (-7 - (-1 + 3)) + (20 + -33 - -15).
-7
Evaluate 5 - (-8 + 1 + (46 - 28)).
-6
Evaluate 22 + -31 + 4 + (0 - (0 + -16)).
11
What is ((-8 - 11 - -1) + 5 - 9) + -8?
-30
Evaluate (0 - 1 - (-25 + 28)) + 5 - -5.
6
(1 - 0 - ((-9 - 2) + 17)) + -13
-18
What is the value of -9 - ((-14 - -5) + 7) - -10?
3
What is (22 - 12) + -21 + 1 + -2?
-12
What is the value of -3 - (-7 - -1 - -1) - -9?
11
(23 - 14) + (-7 - 14)
-12
2 + -8 - (5 + -8 - 15)
12
What is -72 - -61 - (-28 + 7)?
10
18 + -17 + 12 + (0 - (3 - 1))
11
Calculate (19 - 18) + (-1 - -9 - 2) + -13.
-6
Calculate -5 + -1 - (6 + (-16 - (-16 + 11))).
-1
What is 0 + 22 + -14 - -2?
10
4 + (10 - 16) - 0
-2
Evaluate (1 - -2 - 4) + -14 + 30 + -5.
10
Calculate (3 - 1 - -10) + (3 - (-2 - -8)).
9
Evaluate (-1114 - -1073) + (2 - -36).
-3
-9 - -7 - (25 + 2) - (-278 + 284)
-35
Calculate -13 + 33 + 13 + -18.
15
(54 - 68) + 18 + 6 - (-1 + -19)
30
What is the value of 8 + (2 - (-6 + (2 - -4))) + 7?
17
What is the value of -2 - (-26 - (-9 - 6))?
9
What is 10 - -1 - (530 + -532)?
13
What is the value of 9 + -12 + (-1 - -2 - 1)?
-3
(9 - 14) + 8 + -1 + -40
-38
What is -8 + (-21 - -40) + (-11 - -3)?
3
What is the value of 0 + -14 + 20 - (-2 - -14)?
-6
What is the value of 10 - ((-31 - -52) + -50)?
39
Calculate 0 - (-2 + 0) - (-1 + 6 + -6).
3
What is -14 + 32 + -4 + (-16 - -3)?
1
(-21 - -42) + 6 - 23
4
Calculate 39 + -2 + -15 - 32.
-10
-12 + 5 + 4 + 2 + (-1 - 1)
-3
-8 + (9 - (3 + -3)) - 11
-10
What is the value of 3 - 6 - (-23 + 14)?
6
13 + -38 + 32 + -28
-21
What is the value of 6 - -1 - ((11 - -1) + -24 - -11)?
8
-28 + 33 - (0 - (4 + -3) - 8)
14
(-2 - (-13 + 17)) + -6 - -6
-6
-8 - (15 + -14 + 7 + 8)
-24
What is (4 - -11 - 1) + -28?
-14
3 - ((-9 + 5 - 4) + (0 - -3))
8
What is (12 - 1) + (154 - 162)?
3
Calculate 70 - 58 - (10 + 4).
-2
Evaluate 7 + -1 + (413 - 424).
-5
(7 - 14) + 0 + 14 + 0
7
Calculate -23 + -8 + 14 + 10.
-7
Evaluate 2 - (-6 + 11 + -3).
0
Evaluate -13 + (85 - 102 - (-13 + 1)).
-18
Evaluate 26 - (3 + 12 + (48 - 59)).
22
What is the value of (11 - 5) + 1 + -6?
1
Evaluate 15 - 0 - (2 + -12 - (-108 + 96)).
13
Evaluate (5 + -8 - -6) + 12.
15
What is the value of -1 + -9 + (51 - (9 - -12))?
20
Calculate 24 + (-35 - -23) + 1.
13
What is the value of 1 + 8 - (68 + -79 + 29)?
-9
What is the value of (-2 + -6 - -11) + -1 + -6 + -2?
-6
Evaluate (4 - (-1 - (-1 - 1))) + -9 + 1.
-5
Evaluate -27 + 14 + (3 - -4) + -2.
-8
Calculate 167 + -167 - (-1 + -3) - 22.
-18
Evaluate (43 - 28) + 2 + 2.
19
What is the value of -4 + (11 - (-3 - (3 - 6)))?
7
What 